{"id":1805,"date":"2018-08-09T17:26:05","date_gmt":"2018-08-09T15:26:05","guid":{"rendered":"https:\/\/www.saxophonist-live.ch\/saxofonist-blog\/?post_type=tribe_events&#038;p=1805"},"modified":"2018-08-15T11:26:54","modified_gmt":"2018-08-15T09:26:54","slug":"weihnachtsbeleuchtung-an-fuer-die-stadt-luzern","status":"publish","type":"tribe_events","link":"https:\/\/www.saxophonist-live.ch\/saxofonist-blog\/event\/weihnachtsbeleuchtung-an-fuer-die-stadt-luzern\/","title":{"rendered":"Weihnachtsbeleuchtung an f\u00fcr die Stadt Luzern"},"content":{"rendered":"<p>Die Illumination in Luzern geh\u00f6rt zu den eindr\u00fccklichsten Events der Kantonshauptstadt. Zeitgleich wird in Luzern die gesamte Weihnachtsbeleuchtung eingeschaltet. Bereits im letzten Jahr durften der Samichlaus (Mister Saxr) mit dem Live-Sax und das Christkind mit seinem Zauberstaub den riesigen Weihnachtsbaum vor dem KKL einschalten. Dieser emotionale Moment wird von Tausenden BesucherInnen und Besuchern miterlebt. Mister Saxr beigeistert gross und klein. Und das Christkind ist nicht nur ein wundersch\u00f6ner Engel, sondern auch eine begabte Eisprinzessin. Dies zeigt es auch gleich mit einer K\u00fcr auf dem Eisfeld beim Vierwaldst\u00e4ttersee.<\/p>\n","protected":false},"excerpt":{"rendered":"<p>Die Illumination in Luzern geh\u00f6rt zu den eindr\u00fccklichsten Events der Kantonshauptstadt. Zeitgleich wird in Luzern die gesamte Weihnachtsbeleuchtung eingeschaltet. Bereits im letzten Jahr durften der Samichlaus (Mister Saxr) mit dem Live-Sax und das Christkind mit seinem Zauberstaub den riesigen Weihnachtsbaum vor dem KKL einschalten. Dieser emotionale Moment wird von Tausenden BesucherInnen und Besuchern miterlebt. Mister &#8230; <a title=\"Weihnachtsbeleuchtung an f\u00fcr die Stadt Luzern\" class=\"read-more\" href=\"https:\/\/www.saxophonist-live.ch\/saxofonist-blog\/event\/weihnachtsbeleuchtung-an-fuer-die-stadt-luzern\/\" aria-label=\"Mehr Informationen \u00fcber Weihnachtsbeleuchtung an f\u00fcr die Stadt Luzern\">Weiterlesen&#8230;<\/a><\/p>\n","protected":false},"author":1,"featured_media":1806,"template":"","meta":{"generate_page_header":"","_tribe_events_status":"","_tribe_events_status_reason":"","footnotes":""},"tags":[1707,1705,1706,1696,1429,1704,1432,1708,1693],"tribe_events_cat":[36],"class_list":["post-1805","tribe_events","type-tribe_events","status-publish","has-post-thumbnail","hentry","tag-eisprinzessin","tag-illumination","tag-kkl","tag-professionelle-musiker","tag-samichlaus","tag-stadt-luzern","tag-weihnachten","tag-weihnachtsbeleuchtung","tag-zuercher-saxofonist","tribe_events_cat-mistersaxr-event","cat_mistersaxr-event"],"_links":{"self":[{"href":"https:\/\/www.saxophonist-live.ch\/saxofonist-blog\/wp-json\/wp\/v2\/tribe_events\/1805","targetHints":{"allow":["GET"]}}],"collection":[{"href":"https:\/\/www.saxophonist-live.ch\/saxofonist-blog\/wp-json\/wp\/v2\/tribe_events"}],"about":[{"href":"https:\/\/www.saxophonist-live.ch\/saxofonist-blog\/wp-json\/wp\/v2\/types\/tribe_events"}],"author":[{"embeddable":true,"href":"https:\/\/www.saxophonist-live.ch\/saxofonist-blog\/wp-json\/wp\/v2\/users\/1"}],"version-history":[{"count":2,"href":"https:\/\/www.saxophonist-live.ch\/saxofonist-blog\/wp-json\/wp\/v2\/tribe_events\/1805\/revisions"}],"predecessor-version":[{"id":1837,"href":"https:\/\/www.saxophonist-live.ch\/saxofonist-blog\/wp-json\/wp\/v2\/tribe_events\/1805\/revisions\/1837"}],"wp:featuredmedia":[{"embeddable":true,"href":"https:\/\/www.saxophonist-live.ch\/saxofonist-blog\/wp-json\/wp\/v2\/media\/1806"}],"wp:attachment":[{"href":"https:\/\/www.saxophonist-live.ch\/saxofonist-blog\/wp-json\/wp\/v2\/media?parent=1805"}],"wp:term":[{"taxonomy":"post_tag","embeddable":true,"href":"https:\/\/www.saxophonist-live.ch\/saxofonist-blog\/wp-json\/wp\/v2\/tags?post=1805"},{"taxonomy":"tribe_events_cat","embeddable":true,"href":"https:\/\/www.saxophonist-live.ch\/saxofonist-blog\/wp-json\/wp\/v2\/tribe_events_cat?post=1805"}],"curies":[{"name":"wp","href":"https:\/\/api.w.org\/{rel}","templated":true}]}}

Weihnachtsbeleuchtung an für die Stadt Luzern

<p>Die Illumination in Luzern gehört zu den eindrücklichsten Events der Kantonshauptstadt. Zeitgleich wird in Luzern die gesamte Weihnachtsbeleuchtung eingeschaltet. Bereits im letzten Jahr durften der Samichlaus (Mister Saxr) mit dem Live-Sax und das Christkind mit seinem Zauberstaub den riesigen Weihnachtsbaum vor dem KKL einschalten. Dieser emotionale Moment wird von Tausenden BesucherInnen und Besuchern miterlebt. Mister Saxr beigeistert gross und klein. Und das Christkind ist nicht nur ein wunderschöner Engel, sondern auch eine begabte Eisprinzessin. Dies zeigt es auch gleich mit einer Kür auf dem Eisfeld beim Vierwaldstättersee.</p>

<p>Die Illumination in Luzern gehört zu den eindrücklichsten Events der Kantonshauptstadt. Zeitgleich wird in Luzern die gesamte Weihnachtsbeleuchtung eingeschaltet. Bereits im letzten Jahr durften der Samichlaus (Mister Saxr) mit dem Live-Sax und das Christkind mit seinem Zauberstaub den riesigen Weihnachtsbaum vor dem KKL einschalten. Dieser emotionale Moment wird von Tausenden BesucherInnen und Besuchern miterlebt. Mister &#8230; <a title="Weihnachtsbeleuchtung an für die Stadt Luzern" class="read-more" href="https://www.saxophonist-live.ch/saxofonist-blog/event/weihnachtsbeleuchtung-an-fuer-die-stadt-luzern/" aria-label="Mehr Informationen über Weihnachtsbeleuchtung an für die Stadt Luzern">Weiterlesen&#8230;</a></p>
