{"id":2907,"date":"2021-08-16T16:16:09","date_gmt":"2021-08-16T14:16:09","guid":{"rendered":"https:\/\/www.saxophonist-live.ch\/saxofonist-blog\/?post_type=tribe_events&#038;p=2907"},"modified":"2021-11-08T15:54:28","modified_gmt":"2021-11-08T14:54:28","slug":"mister-saxr-jazz-matinee","status":"publish","type":"tribe_events","link":"https:\/\/www.saxophonist-live.ch\/saxofonist-blog\/event\/mister-saxr-jazz-matinee\/","title":{"rendered":"Mister Saxr @ Jazz-Matin\u00e9e"},"content":{"rendered":"<p>Die Garage H. B\u00fchlmann AG l\u00e4dt Kunden und Bekannte zum Ap\u00e9ro nach Winterthur ein. Mister Saxr begleitet das Jazz-Matin\u00e9e mit seinem Selmer Mark VI und den wunderbaren, feinen Ap\u00e9ro-Songs. Der Saxophonist unterh\u00e4lt die G\u00e4ste mit feinsten Saxophon-Kl\u00e4ngen. Zum Repertoire des Saxophonisten und Musikers geh\u00f6ren die allersch\u00f6nsten und bekannten Sax-Melodien aus den Bereichen Smooth-Jazz, BossaNova, Evergreens, Pop- und Hitparaden-Songs. Der Schweizer Saxofonist ber\u00fchrt mit seinen Melodien. Die Veranstaltung ist privat.<\/p>\n","protected":false},"excerpt":{"rendered":"<p>Die Garage H. B\u00fchlmann AG l\u00e4dt Kunden und Bekannte zum Ap\u00e9ro nach Winterthur ein. Mister Saxr begleitet das Jazz-Matin\u00e9e mit seinem Selmer Mark VI und den wunderbaren, feinen Ap\u00e9ro-Songs. Der Saxophonist unterh\u00e4lt die G\u00e4ste mit feinsten Saxophon-Kl\u00e4ngen. Zum Repertoire des Saxophonisten und Musikers geh\u00f6ren die allersch\u00f6nsten und bekannten Sax-Melodien aus den Bereichen Smooth-Jazz, BossaNova, Evergreens, &#8230; <a title=\"Mister Saxr @ Jazz-Matin\u00e9e\" class=\"read-more\" href=\"https:\/\/www.saxophonist-live.ch\/saxofonist-blog\/event\/mister-saxr-jazz-matinee\/\" aria-label=\"Mehr Informationen \u00fcber Mister Saxr @ Jazz-Matin\u00e9e\">Weiterlesen&#8230;<\/a><\/p>\n","protected":false},"author":1,"featured_media":2765,"template":"","meta":{"generate_page_header":"","_tribe_events_status":"","_tribe_events_status_reason":"","footnotes":""},"tags":[1801,2165,2166,31,1655,1800],"tribe_events_cat":[36],"class_list":["post-2907","tribe_events","type-tribe_events","status-publish","has-post-thumbnail","hentry","tag-apero-songs","tag-garage-h-buehlmann-ag","tag-kunden","tag-mister-saxr","tag-saxophon-klaengen","tag-selmer-mark-vi","tribe_events_cat-mistersaxr-event","cat_mistersaxr-event"],"_links":{"self":[{"href":"https:\/\/www.saxophonist-live.ch\/saxofonist-blog\/wp-json\/wp\/v2\/tribe_events\/2907","targetHints":{"allow":["GET"]}}],"collection":[{"href":"https:\/\/www.saxophonist-live.ch\/saxofonist-blog\/wp-json\/wp\/v2\/tribe_events"}],"about":[{"href":"https:\/\/www.saxophonist-live.ch\/saxofonist-blog\/wp-json\/wp\/v2\/types\/tribe_events"}],"author":[{"embeddable":true,"href":"https:\/\/www.saxophonist-live.ch\/saxofonist-blog\/wp-json\/wp\/v2\/users\/1"}],"version-history":[{"count":2,"href":"https:\/\/www.saxophonist-live.ch\/saxofonist-blog\/wp-json\/wp\/v2\/tribe_events\/2907\/revisions"}],"predecessor-version":[{"id":2997,"href":"https:\/\/www.saxophonist-live.ch\/saxofonist-blog\/wp-json\/wp\/v2\/tribe_events\/2907\/revisions\/2997"}],"wp:featuredmedia":[{"embeddable":true,"href":"https:\/\/www.saxophonist-live.ch\/saxofonist-blog\/wp-json\/wp\/v2\/media\/2765"}],"wp:attachment":[{"href":"https:\/\/www.saxophonist-live.ch\/saxofonist-blog\/wp-json\/wp\/v2\/media?parent=2907"}],"wp:term":[{"taxonomy":"post_tag","embeddable":true,"href":"https:\/\/www.saxophonist-live.ch\/saxofonist-blog\/wp-json\/wp\/v2\/tags?post=2907"},{"taxonomy":"tribe_events_cat","embeddable":true,"href":"https:\/\/www.saxophonist-live.ch\/saxofonist-blog\/wp-json\/wp\/v2\/tribe_events_cat?post=2907"}],"curies":[{"name":"wp","href":"https:\/\/api.w.org\/{rel}","templated":true}]}}

Mister Saxr @ Jazz-Matinée

<p>Die Garage H. Bühlmann AG lädt Kunden und Bekannte zum Apéro nach Winterthur ein. Mister Saxr begleitet das Jazz-Matinée mit seinem Selmer Mark VI und den wunderbaren, feinen Apéro-Songs. Der Saxophonist unterhält die Gäste mit feinsten Saxophon-Klängen. Zum Repertoire des Saxophonisten und Musikers gehören die allerschönsten und bekannten Sax-Melodien aus den Bereichen Smooth-Jazz, BossaNova, Evergreens, Pop- und Hitparaden-Songs. Der Schweizer Saxofonist berührt mit seinen Melodien. Die Veranstaltung ist privat.</p>

<p>Die Garage H. Bühlmann AG lädt Kunden und Bekannte zum Apéro nach Winterthur ein. Mister Saxr begleitet das Jazz-Matinée mit seinem Selmer Mark VI und den wunderbaren, feinen Apéro-Songs. Der Saxophonist unterhält die Gäste mit feinsten Saxophon-Klängen. Zum Repertoire des Saxophonisten und Musikers gehören die allerschönsten und bekannten Sax-Melodien aus den Bereichen Smooth-Jazz, BossaNova, Evergreens, &#8230; <a title="Mister Saxr @ Jazz-Matinée" class="read-more" href="https://www.saxophonist-live.ch/saxofonist-blog/event/mister-saxr-jazz-matinee/" aria-label="Mehr Informationen über Mister Saxr @ Jazz-Matinée">Weiterlesen&#8230;</a></p>
